.
50
Let a(g) = -43*g + 680. Calculate the remainder when a(13) is divided by 30.
1
Let d be 8/28 + 396/(-14). Calculate the remainder when 4/14 - 4444/d is divided by 23.
21
Suppose 2 + 103 = 3*w. What is the remainder when ((134*(-7)/(-42))/(1/12))/2 is divided by w?
29
What is the remainder when (-21 + 10)*-7 - 4 is divided by 2?
1
Let m = 4 - -2. Suppose m = 7*g - 15. What is the remainder when g*4/(-48)*-412 is divided by 26?
25
Let d be 6*(1 - (3 - 3)). Let v be (8/d)/((-2)/(-15)). Let u = 15 - v. Calculate the remainder when 8 is divided by u.
3
Let l(b) = -26*b - 95. What is the remainder when l(-14) is divided by 68?
65
Suppose -3*o = f - 76, 3*f = o - 65 + 253. Let d = f - 112. Let s = d + 111. What is the remainder when s is divided by 11?
8
Let j be 1115/(-65) + 7 - 2/(-13). What is the remainder when (95/j)/(6/15)*-4 is divided by 25?
20
Suppose -5*c - b + 43 = -3*c, 5*c - 112 = -4*b. What is the remainder when 54 is divided by c?
14
Calculate the remainder when 6/(-5)*2480/(-48) is divided by 35.
27
Let r be 0 + (3 - 2)*-1. Let g(k) = 13*k**2 - 2*k - 2. Let m = 109 - 84. What is the remainder when m is divided by g(r)?
12
Let n(x) = -3*x + 1. Let c(z) = z**2 + 97*z - 1241. What is the remainder when c(12) is divided by n(-6)?
10
Let r(f) = f**2 - 9*f - 1. Let t be 1 - (1 - (-36)/(-3)). What is the remainder when 136 is divided by r(t)?
31
Suppose 3*r = -4*u - 3, -2 = -3*u - 3*r - 8. Suppose -2*x = z - 7 - 17, -2*z - u*x + 43 = 0. Calculate the remainder when 40 is divided by z.
12
Let v(p) = 3 + 4*p + 3*p**3 + 2 + 2*p**2 - 8*p**3 + 4*p**3. Calculate the remainder when 22 is divided by v(3).
6
Let h be 1/1 - -49 - 0. Let z be (-35)/(-8) + 21/(-56). Suppose 46 = z*p - h. What is the remainder when 45 is divided by p?
21
Let g(w) = 9*w**3 + 7*w**2 - 10*w + 3. Calculate the remainder when g(2) is divided by 21.
20
Suppose 3*i = 5*a + 375, -3*i - 23*a + 399 = -20*a. What is the remainder when i is divided by 67?
63
Let z = 22 - 54. Let b = z - -80. Suppose 4*j - b = 176. Calculate the remainder when j is divided by 19.
18
Suppose 210 = -36*z + 41*z. What is the remainder when 1046 is divided by z?
38
Let d = -276 + 391. Calculate the remainder when d is divided by 30.
25
Let f be (-90)/25 - (-2)/(-10)*2. Let n = f - -9. Calculate the remainder when 7 is divided by n.
2
Suppose 0 = 2*q - 1039 + 963. Calculate the remainder when 98 is divided by q.
22
Let f be 62/10 + (-1)/5. Suppose -u - 4*w = 6, -5*u + 0 = 2*w - f. Calculate the remainder when 32 is divided by (90/3)/2 + u.
15
Calculate the remainder when 127 is divided by (-2)/(-16) + (-3510)/(-208).
8
Let a = 15 - 30. Let r be 59*1 - (a - -14). Let c = 1 + r. What is the remainder when c is divided by 16?
13
Let t(w) = -17*w. Let d = -3 - -2. What is the remainder when 3/(450/(-155) - -3) is divided by t(d)?
14
Suppose -12 = -i - 3*i, 5*i = -3*u + 36. Let j be (u + 1)*1/2. Suppose j*f - 22 = 102. What is the remainder when f is divided by 8?
7
Suppose -k - 26 = -56. What is the remainder when 50 is divided by k?
20
Let w(c) = 3*c**2 - 15*c + 3. Suppose 0 = -3*d - d + 716. What is the remainder when d is divided by w(7)?
44
Suppose 0*w - 3*w = -5*b + 285, -4*b - 4*w = -260. Suppose 11*h - 169 = -697. What is the remainder when b is divided by (h/(-16))/((-6)/(-32))?
12
Let y(b) = 25*b + 23. Let d(h) = -2*h**2 - 30*h - 26. What is the remainder when y(3) is divided by d(-13)?
20
Let b be ((-3)/(-9))/(2/24). Suppose -b*v + 56 = a - 1, a + 2*v - 47 = 0. Let h = a + -14. What is the remainder when 44 is divided by h?
21
Suppose -15*p = 8*p - 8027. Calculate the remainder when p is divided by 9.
7
Let y(c) = -7*c**2 + 65*c + 9. Calculate the remainder when 188 is divided by y(9).
26
Suppose -4*p = 3*y - 502, -13*y - 2*p = -18*y + 854. What is the remainder when y is divided by 3?
2
Let c(d) = d**3 + 6*d**2 + 4*d - 3. Let n be c(-4). Let m(f) = -f**3 + 13*f**2 + f. What is the remainder when m(n) is divided by 5?
3
Suppose 24*j + 387 = 33*j. Calculate the remainder when j is divided by 13.
4
Let h(k) = 3*k + 16. Let i be h(-6). Let c be (-4 - -10)/(i/(-5)). Suppose -4*q + 5 = -c. Calculate the remainder when 22 is divided by q.
2
Let m = 1888 - 1748. What is the remainder when m is divided by 120?
20
Suppose 0 = 2*n - 5*h - 56, -6*h - 123 = -5*n - 2*h. Let f = -43 - -48. Calculate the remainder when n is divided by f.
3
Suppose -3*u + 5*k + 539 = 0, -k - 359 = -3*u + 176. What is the remainder when u is divided by 36?
34
Suppose 2*k - 17 = -71. Let z = -19 - k. Calculate the remainder when 13 is divided by z.
5
Let p = -2082 - -2097. What is the remainder when 129 is divided by p?
9
Suppose -6*x + 56 + 202 = 0. Calculate the remainder when x is divided by 11.
10
Let h be (66/10)/(9/45). Let i = h - 21. What is the remainder when i is divided by 270/50 + 4/(-10)?
2
Suppose 0 = 3*s + 5*q - 30, -28*s - q + 10 = -27*s. Calculate the remainder when 68 is divided by s.
8
Suppose 7*j - 16 = 5. Suppose j*k = -y + 50, 0 = -5*y + 4*y + 2. What is the remainder when 43 is divided by k?
11
Suppose -5*b = -2*s + 6*s - 14, 0 = -5*s - 20. Suppose 0 = -l - 6*l + 7. Calculate the remainder when 9/b + 3/6 is divided by l.
0
Let a = 298 + -186. Let i = a + -100. Calculate the remainder when 41 is divided by i.
5
Calculate the remainder when 2/3*(1590/20 + 0) is divided by 16.
5
Let i = 504 - 494. What is the remainder when 59 is divided by i?
9
Let z be (-2)/((15/(-5))/3). Suppose 5*x + 26 = 3*h, 2*h + z*x - 78 = -2*h. Calculate the remainder when 64 is divided by h.
13
Let n = 1974 + -1964. Let h(w) = -38*w**3 - w - 1. Calculate the remainder when h(-1) is divided by n.
8
Let c = 226 + -100. Calculate the remainder when c is divided by 121.
5
Suppose 92*i - 128*i + 4680 = 0. Calculate the remainder when i is divided by 62.
6
Let u be (-2 + 0)/((-14)/(-735)). What is the remainder when 41 is divided by (u/10)/((-2)/4)?
20
Let g(m) = -m**3 + 4*m**2 + m - 1. Suppose 0 = -r + 2*r - 3. What is the remainder when 40 is divided by g(r)?
7
Let l(u) = u**3 + 9*u**2 + 6*u - 11. Let b be l(-8). Suppose b*v + 26 = 7*v. Calculate the remainder when 25 is divided by v.
12
Let t(w) = w**3 + 6*w**2 + 4. Let b be t(-6). What is the remainder when (-78)/b*8/(-4) is divided by 14?
11
Suppose 28*c - 200 - 444 = 0. Calculate the remainder when 52 is divided by c.
6
Let q(f) = f**3 + 2*f**2 + f + 9. Let a be q(0). Suppose -g + 4*g - a = 0. What is the remainder when 9 is divided by g?
0
Let g(r) be the first derivative of -41*r**2/2 + 10*r - 3. Let k be g(8). What is the remainder when (1 - 2)/(6/k) is divided by 27?
26
Let s(j) = -2*j**2 - 11*j + 5. Let y(l) = -3*l**2 - 16*l + 8. Let w(x) = 8*s(x) - 5*y(x). Calculate the remainder when 26 is divided by w(-7).
5
Suppose -43*h - 15 = -44*h. Let w = 55 + -28. Calculate the remainder when w is divided by h.
12
Suppose -5*x - 5*r + 3*r = 0, -x + 3*r - 17 = 0. Let j(l) = -11*l - 4. Let c be j(x). Calculate the remainder when c*(7/(-2) + 4) is divided by 5.
4
Suppose 67*m - 63*m - s - 780 = 0, 0 = -5*s. Calculate the remainder when m is divided by 36.
15
Suppose 4*u = u + 9. Suppose u*z = 173 - 20. Calculate the remainder when z is divided by 9*((12 - 6) + -4).
15
Let t(f) = 22*f**2 + 2*f + 4. What is the remainder when 190 is divided by t(-1)?
22
Calculate the remainder when 473 is divided by 6020/245 - (2 - (-17)/(-7)).
23
Let w = -55 + 30. Suppose -5 = -l + 33. Let m = l + w. Calculate the remainder when 24 is divided by m.
11
Let b(l) = -11*l + l**3 - 14*l + 2*l**2 + 12*l - 5. Calculate the remainder when 43 - (-2)/2 - 1 is divided by b(-4).
13
Let d = 62 - -10. Calculate the remainder when d is divided by 23.
3
Let t(x) = x**3 - x**2 - 5*x. Let l = 14 + 16. Suppose w = -3*k + l, -3*w + 0*w + 4*k = -25. Calculate the remainder when t(4) is divided by w.
13
Suppose w = 9 + 10. Suppose -111 + w = -2*c. Calculate the remainder when c is divided by 12.
10
Let h(d) = d**3 + 5*d**2 - d + 16. What is the remainder when 78 is divided by h(-5)?
15
Suppose -3*m - 7 = 8. Let c(z) = -5*z**2 - z**2 + 2 - 7*z + 2793*z**3 - 2794*z**3. What is the remainder when 33 is divided by c(m)?
9
Let c = -188 + 345. Calculate the remainder when c is divided by 53.
51
Suppose n = 14 + 1. Suppose 31 = m